**3 + 5*t**2 + 6*t + 13. Let q be r(6). Let m = q + -2. What is the remainder when 30 is divided by m?
8
Let o be ((-3)/4)/(3/(-8)). Let f = o - -14. What is the remainder when 46 is divided by f?
14
Suppose 44*j - 43*j - 57 = 0. Let i = -5 - -25. Calculate the remainder when j is divided by i.
17
Let m(a) = -5*a + 1. Calculate the remainder when 20 is divided by m(-2).
9
Suppose 0 = x + 2*x - 60. Suppose 24 = -4*u - 0*u + 2*i, -4*u = i + 36. Let c(m) = 2*m**2 + 10*m - 9. What is the remainder when c(u) is divided by x?
19
What is the remainder when 74 is divided by (-168)/(-15) + 6/90*-3?
8
Suppose -6*o - 2*n = -5*o, 8 = 3*o + 4*n. Calculate the remainder when 46 is divided by o.
6
Let n be (-24)/14 + (-2)/7. Let x = 1 - n. Let u = x + -1. What is the remainder when 3 is divided by u?
1
What is the remainder when 89 is divided by (-80)/(-48) - (-68)/6?
11
Let y(b) = -6*b - 1. Suppose 0*w + 5*s - 1 = -4*w, 5*s - 6 = w. Calculate the remainder when y(w) is divided by (0 - -2)*(-4 - -5).
1
Suppose 2*a + 2*t = -a + 78, 4*a + t - 109 = 0. Suppose -8 = 4*o - 4*n - a, -o - 2*n = -8. Let r = o + 22. What is the remainder when r is divided by 10?
8
Suppose 3*s = 7*s - 28. Calculate the remainder when 10 is divided by 8 + s/(7/(-2)).
4
Let n = -48 + 71. Calculate the remainder when 91 is divided by n.
22
Suppose -48 = 2*k - 4*y, -157 = 5*k + y - 37. Let m = -6 - k. Let v = -10 + 20. Calculate the remainder when m is divided by v.
8
Let u(p) = 2*p**2 + 7*p - 10. Let x = -10 + 2. Let v be u(x). Calculate the remainder when 39 is divided by 1/(v/20 - 3).
9
Let v(m) = -m**3 - 2*m**2 - 4*m - 14. Calculate the remainder when 27 is divided by v(-3).
6
Suppose -8*k + 90 = 2*k. Let y = -10 - -16. What is the remainder when k is divided by y?
3
Suppose -4*y + 4 = -4. Suppose 9 = -4*k + 1. Let q = y - k. Calculate the remainder when q is divided by 3.
1
Let d = 6 - -1. Suppose 2*f - 3 = 3*f, -s - 4*f = 0. What is the remainder when s is divided by d?
5
Suppose 0 = 4*r - b - 0*b + 32, -20 = 5*b. What is the remainder when (-159)/r - 1/(-3) is divided by ((-10)/3)/((-2)/6)?
8
Let g = -8 - -44. Let x = g - 22. Calculate the remainder when x is divided by 3.
2
Let n(d) = -20*d - 60. What is the remainder when n(-5) is divided by 7?
5
Let o = 1 - -3. Suppose o*s + 64 = 4*h, 26 = 2*h - 3*s + 4*s. Calculate the remainder when 40 is divided by h.
12
Suppose 0 = 4*f - 3*f + 4. What is the remainder when 1 - -2*(-78)/(-4) is divided by (-1)/(-2) - 54/f?
12
Suppose -q - 2*d + 27 = 0, -3*q + 99 = -d - 2*d. What is the remainder when q is divided by 12?
7
Let f = 1 - -3. Let g be f/6*18/4. Suppose -g*c + 2*c = -22. What is the remainder when c is divided by 8?
6
Let t = -16 - -26. Suppose 2*w = w + 49. Calculate the remainder when w is divided by t.
9
Suppose -4*o - 20 = -2*b, 8 = 6*b - b + 4*o. Let q = 8 - b. Let v = 25 - 15. What is the remainder when v is divided by q?
2
Suppose 0 = -2*a + 4*a. Suppose p + a*p + 4*s - 28 = 0, -36 = -3*p + 4*s. Let v = 17 + -8. Calculate the remainder when p is divided by v.
7
Let b = -4 + 10. What is the remainder when 21 is divided by b?
3
Suppose 4*x - 126 = -q, -3*q - 14 = -3*x + 73. Calculate the remainder when x is divided by 16*(2 + 1 + -2).
15
Let f(v) = 26*v. What is the remainder when f(3) is divided by 16?
14
Suppose 3 = -r + 12. Suppose -5*m - 3*z = -47, -2*m - z + r = -9. What is the remainder when m is divided by 4?
3
Suppose -w + 2*c + 24 = -6*w, -2*w - 2*c = 12. What is the remainder when 14 is divided by 4 + 1 + w + 2?
2
Suppose -10 = -5*r + 70. Calculate the remainder when 40 is divided by r.
8
Let x(w) = w**3 - w**2 + w - 2. Let h be x(2). Suppose -120 = -2*z - 3*z. What is the remainder when z is divided by 1/2 - (-50)/h?
11
What is the remainder when 10 is divided by 8 + 0 + -2 - 3?
1
Suppose -3*q = -18 - 15. What is the remainder when 20 is divided by q?
9
What is the remainder when (-2)/(-11) + 2219/77 is divided by 18?
11
Let d be -6*(-2)/(-6 + 2). Calculate the remainder when (-6)/(-9) + (-64)/d is divided by 8.
6
Let g = 106 + -91. Let l = 23 + -15. Calculate the remainder when g is divided by l.
7
Suppose 0 = m + 3*m - 20. Suppose m*p - 80 = -0*p. Calculate the remainder when p is divided by -4*5/(-2) + -1.
7
Let v(u) = -3*u**2 - 3*u + 4. Let g be v(-3). Calculate the remainder when 4 is divided by (-48)/(-21) + 4/g.
0
Let m(f) = f**3 - 2*f**2 - f + 4. What is the remainder when m(3) is divided by 6?
4
Let q(x) = 6*x**2 + 15*x. Calculate the remainder when q(-6) is divided by 32.
30
What is the remainder when 84 is divided by ((-3)/6)/(3/(-108))?
12
What is the remainder when 71 is divided by ((-24)/(-14))/((-3)/(-42))?
23
Suppose -11*g = -1830 + 59. What is the remainder when g is divided by 9?
8
Let p = -48 + 76. Suppose -3*u + p = -u. Suppose -6*s - u = -3*s - 5*q, 0 = -4*s + q + 4. What is the remainder when 3 is divided by s?
1
Let a(k) = -k**3 - 12*k**2 - 15*k + 3. What is the remainder when a(-11) is divided by 17?
13
Let l = -75 - -97. Calculate the remainder when l is divided by 10.
2
Let r be 2/(-7) + (-4)/(-14). Let a = 2 + r. Calculate the remainder when (40 + 2)*a/2 is divided by 11.
9
Let q = 4 - -2. Calculate the remainder when 11 is divided by q.
5
Suppose 5*b = 10, 2*g - 3*b - 48 - 16 = 0. Calculate the remainder when g is divided by 10.
5
Let i(r) = r**3 - 8*r**2 + 6*r - 5. Let w be i(9). Let q = -92 + w. Let v(j) = -j**2 - 6*j + 10. Calculate the remainder when q is divided by v(-6).
8
Suppose 2*w = w + 28. Calculate the remainder when 111 is divided by w.
27
Suppose -4 = 4*m + 16. What is the remainder when (5 - 10)/(1/m) is divided by 7?
4
Let i be 1/4 + (-4)/16. Suppose -t + 3 = 1, 4*m - 2*t - 48 = i. Calculate the remainder when m is divided by 5.
3
What is the remainder when 49 is divided by 1*29 + 10/((-20)/6)?
23
Suppose -5*o = -2*y - 380, y - 20 = 5*y. What is the remainder when o is divided by 19?
17
What is the remainder when 1/(-2) - 93/(-2) is divided by 24?
22
Let u(t) = -t**2 + 9*t - 6. Calculate the remainder when 21 is divided by u(7).
5
Calculate the remainder when 4 + -7 + 1 - -3 - -27 is divided by 16.
12
Let v(p) = -1 + p**3 + 0*p**3 + 6*p**2 + 7 + 6*p. Let m be v(-5). What is the remainder when 23 is divided by ((-4)/m)/(1/(-2))?
7
Suppose -14 = -2*p + p. Suppose -3*h - 9 = -6*h. Suppose -h*j = -130 + 7. Calculate the remainder when j is divided by p.
13
Suppose 3*x = 9, -3*a = a - x - 61. Calculate the remainder when a is divided by 9.
7
Let o(x) = 18*x**3 - x**2 + x. What is the remainder when 51 is divided by o(1)?
15
Suppose -2*q = 2*q - 3*u - 36, -3*u = 0. Let g be -33*(-6)/q + 0. Suppose -5*x + g = 2*m, 4*x = m + x - 11. What is the remainder when 20 is divided by m?
9
Let d = -14 + 18. Suppose 0 = -d*a + 3*a + 39. Calculate the remainder when a is divided by 10.
9
Let o(q) be the second derivative of q**3/6 - q**2/2 + q. Suppose 5*z + 4*i = 60, -z - 5*i + 57 = 3*z. Calculate the remainder when z is divided by o(6).
3
Let i = -25 + 37. Let h(k) = k**3 - 6*k**2 + 7*k - 8. Calculate the remainder when h(6) is divided by i.
10
Suppose -3*u = 4*u - 77. What is the remainder when u is divided by 6?
5
Let q(t) = -t**2 + 3*t + 3. Let c be q(6). Let v be 2/5 + (-519)/c. Suppose v = 5*d + 10. Calculate the remainder when 8 is divided by d.
3
Let g(p) = -6*p - 1. Suppose -3*y - 24 = -6*y. What is the remainder when y is divided by g(-1)?
3
Let b(u) = u**3 + 5*u**2 - 6*u + 7. Suppose 5*n = -5*r + 85, -2*r + 75 = 5*n + r. Calculate the remainder when n is divided by b(-6).
5
Suppose -w - 4*w = -65. Suppose 17 + w = t. Calculate the remainder when t is divided by 16.
14
Calculate the remainder when (((-18)/(-24))/1)/(1/84) is divided by 13.
11
Let t(v) = -v**2 - 10*v + 1. Let g be t(-7). Let s = g + -4. What is the remainder when s is divided by 5?
3
Suppose 2*y + 0 = 8. Calculate the remainder when y is divided by 2.
0
Let i(u) = u. Let r be i(-4). Calculate the remainder when 54 is divided by (2 + 10/r)*-28.
12
Let p(s) = -s**3 + 2*s**2 + s + 1. What is the remainder when p(2) is divided by 3?
0
Let x = 0 - -18. Let k = x + -12. Let y = 8 - k. Calculate the remainder when y is divided by 1.
0
Let x(r) = -r + 3. Suppose -5*y - 27 - 3 = 0. What is the remainder when 26 is divi